04670. Is h a composite number?
False
Let m(s) be the first derivative of s**2 - 7*s - 22. Let z be m(3). Is (-2)/6*3/z + 18 prime?
True
Suppose -5443*w + 5454*w = 2266451. Is w a composite number?
True
Let o be 5/15*(-81)/(3/(-1)). Let p = o + 2596. Is p composite?
True
Let d(s) = 12*s - 42. Let i be d(3). Let c(g) = 374*g**2 + 11*g - 17. Is c(i) a prime number?
True
Let s be (1 - (2 + -4))*(-3)/3. Let k(i) = -196*i**2 + 2*i + 2. Let m be k(s). Let q = -971 - m. Is q prime?
True
Let h = 4 + -4. Let w(b) = 40*b + 205. Let t be w(-5). Suppose t*n - 7557 = -h*n + 3*l, 3*n = l + 4531. Is n composite?
True
Let p be ((2 - 4) + 4)/(-2). Let q(v) = v - 1. Let j(g) = 968*g + 4. Let c(k) = p*j(k) + 3*q(k). Is c(-1) composite?
True
Let p(b) = 31*b + 4. Let h be p(2). Let z = h + -60. Is (-18)/15*15/z - -418 a prime number?
False
Suppose 39*h - 10017952 = 6337985. Is h prime?
True
Suppose 44 = 136*z - 135*z. Suppose -u + 6 = -5*x + 61, z = 4*x + 4*u. Suppose -x*k = -2*k - 14787. Is k a prime number?
False
Let d = -46544 + 70227. Is d a composite number?
True
Let n(g) = -g**2 - 5*g - 4. Let f be n(-3). Suppose 0*q + 3*q = -4*b + 5319, -4*b - 3566 = -f*q. Is q composite?
False
Let b = -52595 + 91362. Is b composite?
False
Suppose f + 2*g - 1548 = 0, -f - 1520 = -2*f + 5*g. Let s(m) = 208*m - 7. Let o be s(-4). Let t = f + o. Is t a composite number?
False
Let c = 51895 - 22422. Is c a prime number?
True
Suppose 4*j + 9521889 = 76*j + 15*j. Is j a prime number?
False
Let l(q) = 6*q + 41. Let r be l(0). Suppose -r*o + 45*o + 12 = 0. Is (97 + 0)*55/(o + 8) composite?
True
Let f(h) = 5*h**3 - 4*h**2 - h + 2. Let j be -3 - (10/(-15))/((-2)/3). Let o(r) = -r**3 - 5*r**2 - 5*r. Let d be o(j). Is f(d) composite?
True
Let p(g) = -77*g**2 - 6*g - 28. Let b(k) = -77*k**2 - 8*k - 29. Let a(f) = 6*b(f) - 7*p(f). Is a(-7) a composite number?
True
Suppose -6*r - 528 = 6*r. Let a be 6/(-4)*(-1096)/(-24)*r. Let i = a - 2095. Is i prime?
True
Let w(y) be the third derivative of 149*y**4/24 - 7*y**3/3 - 17*y**2. Let n be w(-5). Let h = -97 - n. Is h a composite number?
True
Suppose -2*s + s = -14. Let u(j) = 2*j**2 - 63684 - 6*j + 63669 - 3*j. Is u(s) a composite number?
False
Let y(g) = 110*g + 884. Let s be y(-8). Suppose -t + 526 = j, -3*j - 4*t = -4*j + 521. Suppose -x = s*u - j, -x + 0*u - u + 537 = 0. Is x composite?
False
Let f(x) = 260*x**3 - 23*x**2 + 13*x + 15. Is f(7) a composite number?
True
Let l = -19009 + 39662. Is l prime?
False
Suppose 0 = -34*k + 29*k + 25. Suppose 8*g = k*g + 1131. Is g a prime number?
False
Let u = 1570919 - 476172. Is u composite?
False
Suppose 0 = -o + q + 357967, 0 = -5*o + 4*q + 402830 + 1387005. Is o a prime number?
True
Let f(d) = 22*d**3 - 5*d**2 - 11*d + 16. Let o be f(10). Let g = o - 10695. Is g a composite number?
False
Let h(m) = 7 + 0*m**2 - 4*m**2 - m**2 - 5 + 39*m**3 - 8*m. Let r be h(5). Suppose -6*w + r - 926 = 0. Is w composite?
False
Let w(h) = -43*h**2 + 10*h + 2. Let r(k) = k**2 + 2*k - 1. Let x(b) = 6*r(b) - w(b). Suppose v - 3 = -0*v. Is x(v) composite?
False
Let k(c) = -c + 9. Let h be k(11). Is ((-11549)/(-2))/((-1)/h) prime?
True
Let x(n) = 232*n**2 - 25*n + 88. Is x(3) a composite number?
True
Suppose -11 = -l + 9. Let g(v) = v**2 + 38*v - 3. Is g(l) composite?
True
Let k = 4943 + -819. Let t = -2026 + k. Suppose 1738 = 4*g - t. Is g a prime number?
False
Suppose -v = 3*x - 2721602, 2*x - 1005480 = 5*v + 808893. Is x a prime number?
True
Suppose 60536 = 4*s + 10*s. Is (s - 18/(-6))/1 composite?
False
Let y = -10662 + 38785. Is y prime?
True
Let m = -4553 + 9288. Suppose -562 = -l + m. Is l a prime number?
True
Let j(l) = 6480*l**2 + 270*l - 811. Is j(3) composite?
True
Let j be 5*((-2)/2 - 184/(-40)). Let u(k) = -232*k - 21. Let q be u(j). Let n = q + 6260. Is n a prime number?
True
Let p(r) be the third derivative of -r**6/20 + 7*r**5/120 - r**4/8 + 3*r**2. Let s(o) be the second derivative of p(o). Is s(-6) prime?
True
Let s = -30970 + 70923. Is s composite?
False
Is ((-62276)/(-6))/((-14)/6 + -1 - -4) composite?
False
Let t = -60389 - -110800. Is t a composite number?
False
Let x = -3220 - -12743. Is x composite?
True
Suppose k + 2*w = 11, -3*k + w - 17 = -29. Suppose -2*q + 4085 = -k*c, -2048 = -12*q + 11*q - 3*c. Is q composite?
True
Suppose -9*b - 2 = -7*b + 2*f, -3*b - 3 = 5*f. Is (0 - b)/((-10)/(-6130)) a composite number?
False
Suppose -4 = 361*i - 362*i. Is -943*i*3/(-12) prime?
False
Suppose -29*g + 168 = 13*g. Suppose -g*k - 4334 = -6*k. Is k composite?
True
Let m be 4/((-36)/6 - -8). Suppose -4 = 5*o + m*z - 9249, z - 3699 = -2*o. Is o a composite number?
False
Let o be -5*((-6)/15)/1. Suppose -10 + 8 = o*r. Is (-676)/r - (4 - (6 - 1)) composite?
False
Let a(d) = 35*d**2 + 21*d + 3. Let g = -109 + 117. Is a(g) composite?
False
Is (-2368286)/(-7) - 1524/(-3556) composite?
True
Is (21 + -23)*(-4 - (-19953)/(-6)) composite?
False
Let p = 65 + -59. Suppose p*z + 12 = -0*z. Is (z + 3)/(1/469) a prime number?
False
Let x = -9578 - -19245. Is x prime?
False
Let w = -105 - -118. Suppose 9*c - 23 = w. Suppose c*a - 9977 = -0*t - t, 5*t + 7500 = 3*a. Is a composite?
True
Let v(i) = -1046*i - 2471. Is v(-30) a composite number?
False
Let v(g) = -184*g - 5. Let s be 1 + (4 - 2 - -1). Let t(y) = -184*y - 5. Let c(u) = s*t(u) - 5*v(u). Is c(2) prime?
True
Let g(o) = 73*o**2 + 23*o - 1. Let r(l) = -9*l**2 - 49*l - 16. Let c be r(-5). Is g(c) composite?
False
Let t = -154 - -186. Is -1*(t/48)/(2/(-2517)) prime?
True
Is (-2 - (-6)/2)*(-30 + 43883) prime?
True
Let s(a) = -a**2 - 6*a + 11. Let j be s(-7). Let z be (-11793)/(-21) - (-32)/(-56). Suppose -3*g = -0*g - 3*p - 558, 3*g - j*p - z = 0. Is g composite?
True
Let i be -1*2*(-1)/(-2) - -34. Let y = i - 41. Is 4242/24 - 2/y prime?
False
Let u(a) be the third derivative of -19*a**6/10 - a**5/10 + a**4/6 + 7*a**3/6 - a**2 - 2*a. Is u(-2) prime?
False
Let i be (15 + -12)/(6/887798). Suppose -47*g - 84866 + i = 0. Is g prime?
True
Let i(k) = 14093*k**2 + 40*k + 77. Is i(-2) prime?
True
Let l(t) = -391*t**3 + 138*t**2 - 9*t + 5. Is l(-8) a prime number?
False
Suppose 3*l = 2*t - 447 - 282, 2*t - 4*l = 726. Let y = t + 1792. Is y a composite number?
False
Suppose 7*u - 85 + 85 = 0. Suppose -4*l - 345 + 3937 = u. Is l a prime number?
False
Let b(d) = -50*d**3 + 4*d**2 + 7*d - 3. Let c be b(3). Let f = -917 - c. Is f a composite number?
False
Let b(z) = 12*z - 11 - 3 - 10. Let u be b(3). Suppose 0 = u*l - 23*l + 374. Is l prime?
False
Suppose -46*z = -3*s - 48*z + 170301, 3*z = 0. Is s prime?
True
Suppose -182 = w + 5*s, -2*s = -0*s - 2. Let f be ((-30)/(-25))/((-14)/6510). Let d = w - f. Is d composite?
True
Suppose -64*j + 74*j = 40. Suppose 0 = -4*p - 4*b + 12016, 3*p + 2*b + 2989 = j*p. Is p composite?
False
Let s be -2*(-2 - (-1 + 3)). Suppose 14 = r + s. Suppose 7*y = r*y + 194. Is y prime?
False
Let i(w) be the third derivative of -691*w**6/30 + w**5/60 + w**3/6 - 5*w**2. Let r be i(-1). Let b = r - 1975. Is b composite?
True
Let x(a) = 2*a**3 + a**2 - 7*a. Let p be x(-4). Let n = p - -69. Let r(l) = -l**3 - 2*l**2 - l - 13. Is r(n) prime?
True
Suppose 87*h - 24 = 79*h. Suppose -3*k - 8 = k, 0 = 5*r + h*k - 3429. Is r composite?
True
Suppose -2*h + 0*h = -4*q + 50, 0 = -4*h - 4*q - 136. Let x = -27 - h. Suppose -5*z = x*r - 13343, 3*r + z + 3117 = 13127. Is r a composite number?
True
Suppose 5668 = -31*z + 33*z. Suppose 5*u + 4*n + 5017 = -2055, 0 = 2*u - n + z. Let y = 2707 + u. Is y composite?
False
Suppose 2*o = -4*a + a + 20, 4*a = -5*o + 36. Suppose -a*j = -2*h - 20 - 6, -17 = -j + 4*h. Suppose 4*q - 1983 = -3*g - 752, -j*g + 1233 = 4*q. Is q composite?
False
Suppose -8*y - 144 = y. Let g be (-2)/((-50)/46 + 1). Is (-202)/(-22)*g + y/88 a composite number?
False
Let q be (-5 - 1/(-2)*11)*-1982. Let b = 408 - q. Is b a prime number?
True
Is 16/((-480)/(-1662710))*(2 + 1) a prime number?
False
Is (-43762772)/(-1038)*(-1)/(4/(-6)) a composite number?
False
Let y = -65 - 197. Let r = 7883 + y. Is r composite?
False
Let k(h) = 915*h + 18. Let r(f) = -305*f - 6. Let z(q) = 3*k(q) + 8*r(q). Suppose -3 = -s, 15*i - 10*i - 31 = -2*s. Is z(i) composite?
False
Suppose -4*k + 18*k - 73178 = 0. Let b = k + -80. Is b composite?
False
Let w = 33 - 6. Let o be (w/36)/((-